) = 2*u - 60. Let r(w) = -5*o(w) + 2*q(w). List the prime factors of r(0).
2, 3, 5
Let s(t) = t**3 - 3*t**2 - 9*t + 12. Suppose -m - 14 = -3*m. What are the prime factors of s(m)?
5, 29
Let w(o) = o - 4. Let h be w(14). Let q(g) = 2*g + 9. Let r be q(h). Let y = r - -5. What are the prime factors of y?
2, 17
Suppose -4*h - a = -1653, -1373 = -4*h + a + 270. List the prime factors of h.
2, 103
Let k(z) = 28*z**3 - 2*z**2 + 1. Let h be k(1). Let a = h - -20. List the prime factors of a.
47
Suppose -3*i + 281 - 104 = -3*u, 47 = i - 5*u. What are the prime factors of i?
2, 31
Let r = 17 - 17. Suppose -4*w + 2*h + 14 = 0, -2*h = -r*w + 5*w - 31. List the prime factors of w.
5
Let y = 4 - 4. Let k = y - -3. Suppose 4*f = -4*w + 27 + 69, -k*w = -4*f - 44. List the prime factors of w.
2, 5
Let p = -3 + 7. Suppose 14 = -p*a + 246. What are the prime factors of a?
2, 29
Let a = 25 - 12. Let d = a - 23. Let y = -4 - d. What are the prime factors of y?
2, 3
Suppose -5*r + 300 = 5*b, 4*b - 6 = -2. Suppose -h - 37 = -2*h + 3*z, -2*h = -z - r. What are the prime factors of h?
2, 7
Let h be 7*-6*(-4)/6. Let m = -51 - -30. List the prime factors of h/m - (-76)/3.
2, 3
Suppose 4*b + 15 - 23 = 0. Suppose -x - 185 = c - b*c, 0 = -c + 4*x + 194. List the prime factors of c.
2, 7, 13
Suppose -3 = 5*d - 8*d. What are the prime factors of ((-12)/8 + d)*-154?
7, 11
Let q = -8 + 10. Suppose q*v + 12 = 3*v. Suppose -y + 13 = -v. What are the prime factors of y?
5
Let y(i) = 3*i**3 + 3*i**2 - 3*i + 9. Suppose -13*j + 15*j = 6. What are the prime factors of y(j)?
2, 3
Let v = 62 - 52. Let u(m) = m**3 - 9*m**2 - 10*m + 19. What are the prime factors of u(v)?
19
Let i(x) = -x**2 - 47*x + 47. List the prime factors of i(-38).
389
Let m = -57 - -59. Let h be ((-1)/2)/(2/(-12)). Suppose -m*t + 80 = h*t. What are the prime factors of t?
2
Let y = -477 - -709. Suppose -y = -4*q + 7*f - 3*f, -4*q + 234 = -5*f. What are the prime factors of q?
2, 7
Let k(d) = d**2 - 3*d + 1. Let u be k(2). Let j = u + 3. Suppose -4*a + j*z + 105 = -z, 4*a + 5*z - 81 = 0. List the prime factors of a.
2, 3
Suppose -60 = 5*o - 180. List the prime factors of 4/o*-2*-87.
29
Let u = -1548 + 2737. What are the prime factors of u?
29, 41
Suppose -3*v + 3*m + 405 = 0, 5*v + 4*m - 8*m - 680 = 0. What are the prime factors of v?
2, 5, 7
Let s(q) = -10*q**3 - q**2 - 7*q - 10. List the prime factors of s(-2).
2, 5
Let l(a) be the first derivative of 5*a**3/3 - 2*a**2 - 9*a - 21. List the prime factors of l(5).
2, 3
Suppose 2*s = 4*g - 5806, g - 1462 = -7*s + 4*s. What are the prime factors of g?
1453
Let d(h) = -h**3 + 11*h**2 - 6*h + 4. Let c be d(7). Let w = -72 + c. What are the prime factors of w?
2, 43
Let n be 2 + 1 - (-3 + (-18)/(-3)). Suppose 21 = 4*u - a, -3*u + 2*a - 8 = 6*a. Suppose 0 = -5*v + 10, 4*f + 0*f + u*v - 132 = n. List the prime factors of f.
31
Let a(o) = -o**2 - o. Let s(f) = -4*f**2 + 4*f. Let q(v) = -3*a(v) - s(v). Let w be 2 + 2 - (-2 + 4). What are the prime factors of q(w)?
2, 13
Let u = 356 - 343. What are the prime factors of u?
13
Suppose -3*s + 2155 = -s + 3*w, 5*s - 2*w - 5340 = 0. List the prime factors of s.
2, 5, 107
Suppose 3*i + 617 = i + 5*v, 5*i = -4*v - 1625. Let d = i - -602. List the prime factors of d.
281
Let z(i) = i**3 - i**2 + 10*i - 1. Let d be z(8). Suppose -3*v + 78 = x, -171 = 5*x - 2*v - d. What are the prime factors of x?
2, 3
Let a(u) = -10*u - 8. Let s be a(-7). List the prime factors of (s/(-4))/((-1)/2).
31
Suppose -71 = -2*p - 61. Let t(w) = 6*w**2 + 6*w - 2. List the prime factors of t(p).
2, 89
Let p = 55 - 13. What are the prime factors of -3 + (p - (0 - -2))?
37
Let b(q) = q**3 + 3*q**2 - 11*q - 2. Let l be b(-5). Suppose -2*s + t - 139 = -l*s, 2*s = 5*t + 264. List the prime factors of s.
137
Let k(m) = 164*m - 8. List the prime factors of k(2).
2, 5
Suppose 5*u + 5*d - 380 = 0, 0 = -2*d - 6. Let v = u + -50. What are the prime factors of v?
29
Suppose -4*l = -2073 - 3187. List the prime factors of l.
5, 263
Suppose -316 = -2*v + 4*a, 2*v + 25*a - 20*a - 343 = 0. What are the prime factors of v?
2, 41
Let f(i) = -i**3 + 10*i**2 - 8*i + 17. Suppose 0 = z + a - 11, 4*a = -0*z + 2*z - 4. What are the prime factors of f(z)?
3
Suppose 5*r = -3*q - 102 - 83, -3*r - 4*q - 122 = 0. Let u = r + 117. List the prime factors of u.
83
Let z(s) = -2*s - 22. Let j(u) = u + 11. Let m(q) = 9*j(q) + 4*z(q). Let l be m(14). Let d = l + -1. What are the prime factors of d?
2, 3
Suppose -11*o = 3*o - 532. List the prime factors of o.
2, 19
Let w(b) = -b**3 - 2*b**2 - 4*b. Let s be w(-3). List the prime factors of s*7/((-21)/(-2)).
2, 7
Suppose -132 = -9*r + 2172. What are the prime factors of r?
2
Let j be (-689)/91 - (-3)/(-7). Let n(g) = -g**2 - 10*g - 10. List the prime factors of n(j).
2, 3
Suppose -63731 = -15*f - 11051. What are the prime factors of f?
2, 439
Let s be 484/20 + (-1)/5. Suppose 5*k = -5*x + 90, 3*k = k + 2*x + s. Let u = k - 3. List the prime factors of u.
2, 3
Suppose -4*o = z + 33, 2*z - 2*o + 3*o + 101 = 0. Let l(a) = a**3 + 13*a**2 + 17*a + 27. Let u be l(-12). Let y = u - z. List the prime factors of y.
2, 5
Let m(l) = -l**3 - 3*l**2 + 10*l - 1. Let c = -71 - -65. What are the prime factors of m(c)?
47
Suppose -5*b + 3526 = -4*f + 247, -2*b = -3*f - 2454. What are the prime factors of f/(0 + -4) + 0?
2, 3, 17
Let m = 676 - 621. List the prime factors of m.
5, 11
Suppose d - 30 = -18. What are the prime factors of (2 - 6)/((-1)/d)?
2, 3
Let d = 13 - 10. Let a = d - -20. What are the prime factors of a?
23
Let w(x) be the third derivative of -3*x**4/4 + x**3/3 + 22*x**2. List the prime factors of w(-7).
2
What are the prime factors of ((-90)/(-90))/(2/2228)?
2, 557
Suppose 0 = 2*w - m - 2468, 0*m = -w + m + 1233. List the prime factors of (-1)/(-4 + w/310).
2, 31
Let g(b) = 1992*b**2 + 9*b - 2. What are the prime factors of g(1)?
1999
Let f = -1022 - -1685. What are the prime factors of f?
3, 13, 17
Let x be (1/(-3) - -1)*(-15)/(-10). What are the prime factors of 2 + (x + 17)*(-7)/(-2)?
5, 13
Let u = 1975 - 1365. What are the prime factors of u?
2, 5, 61
Let z(j) be the second derivative of 7*j**5/20 - j**4/12 + j**2/2 - 39*j. What are the prime factors of z(2)?
53
Suppose -4*z = 11*u - 6*u - 3835, 3850 = 5*u + z. List the prime factors of u.
3, 257
Suppose 9*f = 12*f - 1524. List the prime factors of f.
2, 127
Suppose -4*n = -3 - 17. Suppose -s - 5*f = -230, 3*f = n*s - 0*f - 1290. What are the prime factors of s?
3, 5, 17
Suppose 3*a + 6 = -0*a. Let k be (1 + a + 2)*5. Suppose k*g - 3*g = 8. What are the prime factors of g?
2
Let l(u) = 16*u**3 - 6*u**2 + 6*u - 4. Let f be l(3). Suppose 0 = -6*z + 4*z + f. List the prime factors of z.
2, 7
What are the prime factors of (100/(-6))/(8/(-24))?
2, 5
Suppose -5*n - 148 = -n. Let h = n + 57. What are the prime factors of h?
2, 5
Let y(i) = i**3 + 11*i**2 + 6*i - 22. Let r be y(-10). Let o = 55 - r. What are the prime factors of o?
37
Let y = 328 + -195. List the prime factors of y.
7, 19
Let q(h) = h**3 - 5*h**2 - 9*h + 14. Let b be q(4). Let g = b + 45. What are the prime factors of g?
7
Let m be ((4 - 6) + 2)/(-2). Suppose m = -2*n + 5*i + 72, 0*n = 2*n + 5*i - 72. What are the prime factors of n?
2, 3
Let k(q) = q**2 + 2*q + 1. Let d be k(-7). Suppose -h = 3*h + 3*c - 48, -3*h + d = -3*c. What are the prime factors of h?
2, 3
Let i = -15 + 1458. List the prime factors of i.
3, 13, 37
Suppose r - 3*s + s - 2582 = 0, -6 = 3*s. List the prime factors of r.
2, 1289
Let t(b) = 6*b + 3. Let h be t(0). Suppose 433 - 115 = h*d. What are the prime factors of d?
2, 53
Let m(c) = -c**3 + 5*c**2 - c + 4. Let t be m(5). Let p(d) = -24*d - 1. Let k be p(t). Suppose -4*r + k = -1. What are the prime factors of r?
2, 3
Let a be ((-2)/(-4))/((-4)/8). Let q be ((-2)/a)/((-2)/17). Let p = 34 + q. What are the prime factors of p?
17
Let c be 4 - (-14 + 4 + 0). Suppose 16*j = c*j + 174. What are the prime factors of j?
3, 29
Let y be 48/(-8) + (1 + 1 - -2). List the prime factors of (93/(-6))/(y/32).
2, 31
What are the prime factors of (24/10 - 3)/(3/(-1965))?
3, 131
Suppose -z = -2*i - 5, z + 4*i + 0*i - 5 = 0. Suppose z*s - s = 316. What are the prime factors of s?
79
Let b be ((-2)/(-2))/(-6 - -7). Suppose 